 7
Suppose -q = -o + 3, q - 4*o - 1 = -10. Let t be 5 - (q - 2 - -1). Suppose t = d - 5*p - 137, 4*p = -2*d + 232. What are the prime factors of d?
2, 31
Suppose -385 + 535 = 2*n. List the prime factors of n/((-78)/16 - -5).
2, 3, 5
Suppose 13*n - 10069 = 63433. List the prime factors of n.
2, 11, 257
Let s(w) = 3553*w**2 + 26*w + 31. List the prime factors of s(-1).
2, 3, 593
What are the prime factors of ((-32863)/(-118))/((13/194)/13)?
97, 557
Suppose -30*q = -43*q + 52468. What are the prime factors of q?
2, 1009
Suppose -3*z - 2*z = -15, -z + 3 = 3*m. Suppose -2*y + 1 + 3 = m. Suppose y*s = -0*t + t + 89, 0 = -s + 5*t + 58. List the prime factors of s.
43
Let f(i) = i**2 - 601*i + 21528. List the prime factors of f(0).
2, 3, 13, 23
Let y(n) = 2*n**3 - 41*n**2 + 121*n + 87. List the prime factors of y(24).
3, 2341
Let y be -4 + 5 + (-4 - -3)*-4. Let f be 0 + y/(10/(-452)). Let x = f + 370. List the prime factors of x.
2, 3
Let j = -13345 + 19977. What are the prime factors of j?
2, 829
Suppose 46 - 14 = 4*a. List the prime factors of ((-21364)/147)/(a/(-54)).
3, 109
Let t(b) = 3*b**2 - 4*b + 36. Let l be t(-15). Let n = l - 499. What are the prime factors of n?
2, 17
Suppose -767108 = -32*n + 381212. What are the prime factors of n?
5, 7177
Suppose -288 = -4*m + 4*q, 0 = 11*q - 9*q + 4. List the prime factors of ((-60)/m)/((-4)/1540).
2, 3, 5, 11
Let w(m) = -m**2 - 21*m + 65. Let j(l) = -l**2 - 23*l + 63. Let u(k) = 5*j(k) - 6*w(k). What are the prime factors of u(15)?
3, 5, 7
Let c = -731 + 2651. Suppose -9*h + c + 510 = 0. List the prime factors of h.
2, 3, 5
Let h(u) = 6*u - 57. Let q be h(-19). Let s = q + 623. What are the prime factors of s?
2, 113
Suppose 5*i + 3*a = 25436, -17*a + 13*a - 35635 = -7*i. List the prime factors of i.
7, 727
Suppose h + 3*k + 98 = k, 3*h = -5*k - 290. Let w be (-4 + h)*4/(-8). Let c = w + 53. List the prime factors of c.
2, 5
Let n(h) = -7*h**3 + 26*h + 15. Let w(s) = -5*s**3 - s**2 + 27*s + 15. Let a(g) = -2*n(g) + 3*w(g). What are the prime factors of a(-12)?
3, 107
Suppose 19 = 24*t - 53. Suppose -2*a - t*z = a - 1017, 0 = 2*a + 3*z - 674. List the prime factors of a.
7
Let m be 0 + (119/28 - 1/4). Let j(s) = 5*s**2 + s + 14. List the prime factors of j(m).
2, 7
Let g(o) = -10*o - 18 + 8*o**2 + 78 + 6*o. List the prime factors of g(-12).
2, 3, 5, 7
Let j(l) = -384*l**3 - 5*l**2 - 706*l - 3503. What are the prime factors of j(-5)?
2, 43, 557
Suppose 4*b = 5*b + 2. List the prime factors of 296 + b + (-1)/2*-4.
2, 37
List the prime factors of (2636 + -2)*264/198.
2, 439
Suppose -76 + 32 = -11*f. Suppose 4*b - 4540 = f*d, -2*b - 4*d - 5679 = -7*b. List the prime factors of b.
17, 67
Let h be ((1 - 3)/2)/((-14)/56). Suppose 7 = h*z - 1. Suppose 4*n = -z*s + s + 90, -2*n = 2. What are the prime factors of s?
2, 47
Let h be (-68)/16 - (-9)/(-12). Let o be 73/(-2 - h/2). Let b = o + 76. What are the prime factors of b?
2, 3, 37
Let z = -153 - -124. Let y be 725/z*(-4)/(-10). What are the prime factors of (4 - y/15)/(6/45)?
5, 7
Suppose 11*b - 5854 = 4948. List the prime factors of b.
2, 491
Suppose u - 2*u + 2*x + 3614 = 0, 5*u + x = 18070. Suppose 2178 = 3*c - 2*v, -c - 4*c = 2*v - u. What are the prime factors of c?
2, 181
Suppose -120*t - 210798 = -123*t + q, q + 351324 = 5*t. List the prime factors of t.
3, 37, 211
Let d be (56/(-12) - -2)/(12/(-738)). What are the prime factors of -5 + (-14)/(-7)*d?
17, 19
Let j be -1 + 5*(2 - -8). Let d = j + -46. Suppose -s = d*s - 88. What are the prime factors of s?
2, 11
Let c(l) = -2074*l + 45. What are the prime factors of c(-5)?
5, 2083
Suppose 31*y = 71 + 84. What are the prime factors of ((-228)/y - -6)*100/(-8)?
3, 5, 11
Let l(z) = -16*z + 16. Let q(i) = i - 1. Let m(w) = -3*l(w) - 42*q(w). Let u(f) = -13*f + 68. Let v be u(5). What are the prime factors of m(v)?
2, 3
Let s be ((0/5)/5)/(3 + 1). Suppose s = 29*u - 23*u - 132. List the prime factors of u.
2, 11
Let d be (3 + -7)/(1/3). Let a(v) = v**2 + 9*v + 59. Let b be a(d). Let p = -66 + b. What are the prime factors of p?
29
Suppose -28*u + 3620 = -22112. List the prime factors of 0 + u + 7 - 3.
13, 71
Let v be 915/(-18) + -1 - (-2)/(-12). What are the prime factors of (-13)/v + 28217/28?
2, 3, 7
Let r be 1*-1*(12 - 49) + 0. Let s be 5*4/30*(2 + r). Suppose -2*w + s = -0*k + 2*k, w = 2*k + 1. List the prime factors of w.
3
List the prime factors of 2 + 12149 + (-126)/(-33) + (-2)/(-11).
5, 11, 13, 17
Suppose 2971508 = 244*y - 45*y - 38168. List the prime factors of y.
2, 19, 199
Let a be 3 - (-1 + 3) - (6 - 5). Suppose -946 + 180 = -z - 3*b, a = -3*z + 4*b + 2285. What are the prime factors of z?
7, 109
Suppose 691923 = -31*u + 88*u. Suppose 8*i - u = 1757. What are the prime factors of i?
3, 193
Let c(h) = 14034*h**2 - 10*h + 7. List the prime factors of c(1).
3, 1559
Let t be 148*1*(-7)/(-14). Let b = 69 - t. What are the prime factors of (-1212)/(-11) + 159/33 + b?
2, 5, 11
Suppose -2*n + 10 = 0, 2*d = 3*n + 22 - 71. Let c = 44 + d. Suppose 0 = -25*o + c*o - 8. List the prime factors of o.
2
Let l(h) = -h + 21. Let b be l(29). Let f(q) = -q**3 - 5*q**2 + 17*q - 15. What are the prime factors of f(b)?
41
Let a(p) = -35*p**3 + 2*p. Let h(i) = 18*i**3 - i. Let s(x) = 2*a(x) + 5*h(x). Suppose 35*z - 17*z = 18. What are the prime factors of s(z)?
19
List the prime factors of 1320/(-3080) - 18/14*-383.
2, 3, 41
Let v be -2*(-58)/(4/2). Suppose 0 = 4*o - 101 + 37. What are the prime factors of -1 + v + o + -20?
53
What are the prime factors of (-2 + 34810/40)/((-4)/(-80))?
5, 23, 151
Let f(z) = 4*z + 37. Let n be ((91/(-2))/(-7))/((-4)/8). Let d be f(n). List the prime factors of d/(-6)*(-148)/5*-2.
2, 37
Suppose 2416 = 34*o - 26*o. Suppose -o = 8*n - 2350. What are the prime factors of n?
2
Let b(r) = 3*r - 25. Let v be b(13). Let l = 18 - v. Suppose -3*g = 4*k - 449, -l*g - k = -776 + 173. List the prime factors of g.
151
Let f(t) = 4097*t**2 - 44*t + 102. What are the prime factors of f(2)?
2, 59, 139
Let o = -607 + 611. Suppose 5*w + 4*u - 2597 = 0, -o*w - 529 = -5*w - 4*u. What are the prime factors of w?
11, 47
Let y be (-320)/(-64) + 1*17. Suppose 0 = 21*m - y*m + 1345. What are the prime factors of m?
5, 269
Let w be 13/(-52) + 126/(-8). List the prime factors of (-2020)/w - 6/(-8).
127
Suppose -5507856 = -326*p + 1910542 + 1703408. List the prime factors of p.
3, 3109
Let n be (((-475)/(-2))/(-5))/(3/6). Let p = n - -177. Let h = p - 37. List the prime factors of h.
3, 5
Let b = 11960 - 4395. What are the prime factors of b?
5, 17, 89
Let j(q) = q + 6. Suppose 4*n - 2*k = -4*k + 28, -n - 4 = -5*k. Let v be j(n). Suppose -4*g = -v, 0 = -a + 4*g - 0*g. List the prime factors of a.
2, 3
Suppose -42*n = -47*n - 360. Let p be (n/(-27))/(4/6). Suppose -4*b + g + 70 = -297, p*b + g - 369 = 0. What are the prime factors of b?
2, 23
What are the prime factors of (-12*2296/16)/((-12)/16)?
2, 7, 41
Let h(d) = 9*d + 3. Let n be h(-15). Let m be (-571)/2 + (n/(-8))/(-11). Let a = m - -403. List the prime factors of a.
2, 29
List the prime factors of 3/(6/6488) + 10.
2, 1627
Let q(p) = 152*p + 35. Let s be q(5). Suppose 100 + 164 = d + 2*v, 3*d + 5*v = s. List the prime factors of d.
2, 3, 5
Suppose 5*f = 5*p + 5, -5*f + p + 25 = -0*p. Let b(a) = -f - 1 + 7 + 1 - 28*a. What are the prime factors of b(-5)?
3, 47
Let r(v) = -v**3 - 8*v**2 + 2*v + 18. Let x be r(-8). Suppose -5*n + 1825 = u - 6*u, -4*n = x*u - 1430. List the prime factors of n.
2, 3, 5
Let n be (-6)/((-8)/6 + 8/12). Suppose n = 9*w - 108. Let d(c) = 5*c + 45. What are the prime factors of d(w)?
2, 5, 11
Let q = 42 + -60. Let t be (28/126 - (-4)/q)/(-4). Suppose -y + 0*y = -g + 233, t = -2*g - 2*y + 478. What are the prime factors of g?
2, 59
Let r = -21 - -31. Let m(v) be the second derivative of -v**5/10 + 7*v**4/4 - 7*v**3/6 - 2*v**2 - 10*v - 1. What are the prime factors of m(r)?
2, 13
Suppose -15897 = -4*m - v - 2661, 4*v + 3292 = m. Suppose -2*n - m = -4*p, 0*p - 4*n = 4*p - 3320. What are the prime factors of p?
2, 3, 23
Suppose y - 22 = -18. Let m(x) = -x**3 + 7*x**2 + x - 4. Let s be m(7). Suppose 0 = 4*b - 4*p - 124, -s*b = y*p - 0*p - 107. What are the prime factors of b?
3, 11
Suppose -2238 = -6*t - 18. Let p = t - 138. List the prim